*3 - 7*m**2 + 50 - 146 + n. Give i(z).
-1
Let n(t) = -t**2 - 4*t + 4. Suppose 80 = 8*b + 12*b. Let x be (12 - (-1 + 3))*b/(-8). What is n(x)?
-1
Suppose -7*u - 13 - 43 = 0. Let v(m) = -3*m**2 - 10*m - 36. Let i(d) = 50 - 18 - 20 + 3*d + d**2. Let l(y) = -17*i(y) - 6*v(y). Calculate l(u).
4
Let b(t) = 4*t**2 - 10 - 3*t**2 + 4 - 2 + 0*t**2. Calculate b(-2).
-4
Let o(a) = -5*a**3 + 13*a**2 - 8*a + 3. Let s(k) = -16*k**3 + 42*k**2 - 26*k + 9. Let c(t) = -13*o(t) + 4*s(t). Calculate c(-2).
-15
Let r(c) = -38*c**2 - 35*c + 53. Let m(s) = -61*s**2 - 52*s + 79. Let d(x) = -5*m(x) + 8*r(x). What is d(18)?
-7
Let z(o) = o**2 + 22*o - 3. Let l(v) = -v**2 - 19*v - 3. Let i(w) = 3*l(w) + 2*z(w). Let p(n) = -6*n + 13. Let c be p(4). Give i(c).
7
Let q = 2473 - 2457. Let b(m) = -m + 25. Calculate b(q).
9
Let b(c) = -31*c + 1. Let j be b(1). Let i = 38 + j. Let f = 8 - i. Let x(r) = r - 2. Give x(f).
-2
Let h be 28/6*((-1080)/70)/(-18). Let i(x) be the third derivative of 0*x - 1/24*x**h - 31*x**2 + 0 - 1/3*x**3. Determine i(-4).
2
Let v(k) = -k**2 - 8*k - 8. Let h(j) = -5*j**2 + j + 2. Let t be h(0). Suppose 0 = 3*c - r + 23, 6*c = 8*c + t*r + 2. What is v(c)?
4
Let u(i) = 20*i - 54. Suppose 75 - 57 = 5*k + s, 2*s - 3 = k. Give u(k).
6
Let q(x) be the first derivative of -94 - 1/2*x**2 + 2*x. Give q(7).
-5
Let z(g) = 10*g**2 - 5 + 524*g + g**3 - 513*g - 3. Let w = -620 + 611. Calculate z(w).
-26
Let z(r) = 7*r**3 - 29*r**2 - 30*r - 1. Let c be z(-1). Let k(u) = -u**3 - 7*u**2 - 8*u - 53. Calculate k(c).
3
Suppose -4*s = -20, 0 = -5*m - 4*s - 0*s + 20. Let t(x) = -x + 20. Let c be t(20). Let k(q) = -1 + 2*q**2 + q**2 - q + c*q - q**3 + m. Give k(3).
-4
Let y(h) be the second derivative of -h**4/12 - 17*h**3/6 - 38*h**2 + 13299*h. Give y(-10).
-6
Let d(w) = -w**2 + 9*w - 2. Suppose s + i = -26 + 6, 92 = -4*s - i. Let q = -16 - s. What is d(q)?
6
Let i(a) be the second derivative of 1/12*a**4 + 0 + 21*a - 1/20*a**5 + 1/2*a**2 + 1/3*a**3. Let v be i(2). Let r(o) = 3*o**2 + o - 1. Determine r(v).
3
Let g(t) = 3*t**2 - 8*t - 4. Let h(y) = -7*y**2 + 14*y + 10. Let n(o) = 5*g(o) + 2*h(o). Let x(v) = v + 8. Let i be x(2). Determine n(i).
-20
Let p(g) be the first derivative of 3/2*g**2 + 26*g - 162. What is p(-8)?
2
Let f(p) be the second derivative of -58*p + 0 + 1/2*p**2 - 1/6*p**3. Determine f(-8).
9
Let q(v) = -27*v**2 + 7*v + 7. Let y(t) = -54*t**2 + 12*t + 12. Let u(b) = -11*q(b) + 6*y(b). Give u(-1).
-27
Let q(z) = 37*z + 402. Let x be q(13). Let u = x + -894. Let c(a) = -a - 14. What is c(u)?
-3
Let q(y) = y**3 - 3*y**2 + 2*y + 1. Suppose -93*z = -94*z + 3. Suppose 5*o + z*x - x - 21 = 0, -x = -o. Calculate q(o).
7
Suppose -21*l - 12*l = -3696. Suppose 0 = -34*v + l + 92. Let c(b) = -b**3 + 4*b**2 + 14*b - 11. What is c(v)?
1
Let i(v) be the third derivative of -v**5/30 - v**4/4 + 5*v**3 - 2182*v**2. Give i(3).
-6
Let b(l) = l**3. Let v be -2 - (4 + -1 + -8 - -293). Let w = v + 288. What is b(w)?
-8
Let w(g) = g**2 - 2. Let x be -16 - (-16 + -49)/5. Determine w(x).
7
Let v = -8 + 0. Let o(r) be the third derivative of r**5/60 + r**4/4 - 8*r**3/3 - 11111*r**2. Calculate o(v).
0
Let a(n) = -2*n - 9. Let u(h) = -16*h - 122. Let v be u(-8). Let x be 4/(-16) + v/(-8) + 1. What is a(x)?
-9
Let f(r) = 3*r**2 + 8*r + 19. Let o(i) = -7*i**2 - 16*i - 37. Let c(x) = -9*f(x) - 4*o(x). What is c(10)?
-3
Let n(s) be the second derivative of s**5/10 + 5*s**4/6 + 2*s**3/3 - 9*s**2/2 + 10*s - 1. Give n(-4).
7
Let n(z) be the third derivative of 13*z**4/24 + 79011*z**2. Suppose -4*w - 11 + 3 = 0. What is n(w)?
-26
Let v(u) be the first derivative of -4*u - 1/3*u**3 + 2*u**2 - 108. Let l = 0 - -4. What is v(l)?
-4
Suppose -21*r = -33*r + 5676. Let x = r - 467. Let w(v) = -2*v + 10. Calculate w(x).
-2
Let w(c) = -c**2 + 2*c + 1. Let l be 4 + ((-3)/5 - 6/(-10)). Suppose -3*p - 2 = -4*g, -1 = -4*p - l*g + 15. What is w(p)?
1
Let j(q) = -480*q - 6732. Let u be j(-14). Let g(p) = -p**3 - 11*p**2 + 12*p - 26. Determine g(u).
-26
Let h(p) be the third derivative of 0 - 1/3*p**3 - 1/4*p**4 - p**2 + 107*p + 1/60*p**5. Give h(7).
5
Let r(k) = 2*k**3 - k**2 + 2*k - 1. Suppose 4*z + 28 = 4*f, -4*z = 5*f - 4 + 77. Let i(j) = 131*j - 9 - 134*j - 29. Let m be i(z). Determine r(m).
-25
Let o = 157 + -156. Let b(c) = 1121*c + o - 3 - 1124*c. Let j = -2 + 5. Determine b(j).
-11
Let s = -61 + 95. Let i(b) = 61 - 30 - s - b. Suppose z - 2 = 0, 0 = v - 2*z - 0 - 1. Give i(v).
-8
Suppose 0 = -5*t + m + 44, -3*t = -7*t - 5*m + 12. Let q(v) = t*v - 5*v - 3 - 3*v + 2*v. Calculate q(7).
11
Let g(o) = 13*o + 5. Let x be 3/4 + 253/4. Let h = x + -71. Let d(u) = -14*u - 6. Let y(p) = h*g(p) - 6*d(p). Calculate y(-1).
8
Let r(l) = 6*l**2 + 4 - 94 - 3*l**2 + 3 + 2*l + 85. Let m(c) = -c**2 - 4*c - 3. Let p be m(-4). What is r(p)?
19
Let q = 17 + -39. Let u = q - -30. Suppose -u*x = -9*x + 4. Let o(f) = f**3 - 4*f**2 + 2*f. Calculate o(x).
8
Let h be ((-2)/5)/((-5)/50). Suppose 2 = m + q + q, h = -4*m + 4*q. Let k(d) = -d**2 + 3*d - 21. Let z(o) = -o + 1. Let s(x) = -k(x) - 2*z(x). Determine s(m).
19
Let y = -8438 - -8432. Let v(t) = 2*t + 13. Calculate v(y).
1
Let z(l) = -l**2 - 6*l + 103. Let y be z(8). Let w(r) = -3*r - 34. Calculate w(y).
-7
Let z(q) = -2*q - 3. Let j = 36448 + -36430. Determine z(j).
-39
Let d(o) = -9*o**3 - o**2 + 24*o - 2. Let y(t) = 4*t**3 + t**2 - 11*t. Let l(r) = 3*d(r) + 7*y(r). Determine l(-3).
18
Let d(s) = -2*s - 11. Let f be ((-57)/(-4))/((-39)/(-104)). Suppose 20*h = f*h. Determine d(h).
-11
Let b(z) = z**3 + 5*z**2 - 2*z - 12. Let j = -568 + 562. Let w = j - -1. Calculate b(w).
-2
Let i be (5 - -2)*(2/16 + (-7)/(-8)). Let n(d) = 3*d**2 - 18*d + 11. Calculate n(i).
32
Let a(z) = z**3 + 6*z**2 + 4*z + 3. Let k be ((-4)/10)/(8/(-40)). Suppose 2*l + 2*w + 8 = 0, 0 = -k*l - 8*w + 3*w - 8. Let r be l + (-4)/2 + 1. Determine a(r).
8
Let z(g) = g**3 - 3*g**2 - 2*g + 3. Let q be z(3). Let w be ((q/6*0)/2)/(-3). Let h(l) = -2 - 19*l**2 + 1 + w + 0. What is h(-1)?
-20
Let f(i) = 17 + 18 + 26 + 7*i - 64 + i**2. Determine f(-7).
-3
Let n(c) be the third derivative of -c**6/120 + 2*c**5/15 - 13*c**4/24 + 11*c**3/6 - 2*c**2 + 144*c. What is n(6)?
5
Let i(f) = f - 7. Suppose 0 = 14*m + 39 - 165. Let d be i(m). Let y(w) = -17*w**2 + 6 - w - 7 - 3*w**d + 4*w**2. Give y(-1).
-16
Let f(r) = -r**3 - 15*r**2 - r - 22. Let x(p) = p**3 + 15*p**2 + 2*p + 22. Let j(d) = 4*f(d) + 3*x(d). Determine j(-15).
-52
Let m(v) = v**3 + 9*v**2 - 12*v - 25. Suppose 82*d = 68*d - 140. Calculate m(d).
-5
Let u(w) = -41*w**2 + 24*w + 28. Let t(i) = 6*i**2 - i + 1. Let d(c) = 7*t(c) + u(c). Give d(-2).
5
Let j(s) = -14 - 32*s + 8*s - 196 - 9*s + 15. Give j(-6).
3
Let l be 8/3*(-444)/(-4736). Let s(x) be the first derivative of 16 - 4*x**3 + 1/2*x**2 + 17*x - l*x**4. Determine s(-12).
5
Let u(b) = -17 + 0*b - 11 + 19*b + 18 + 10*b. Give u(3).
77
Let n(j) = -2028*j + 441. Let z(l) = -563*l + 126. Let b(d) = -5*n(d) + 18*z(d). Give b(-9).
9
Let u(c) = -c**3 + 4*c**2 - 4*c + 3. Let r(d) = d**2 - 1. Let i(w) = -7*w**2 - w + 40. Let x(z) = i(z) + 6*r(z). Let n be x(-6). Determine u(n).
-13
Let d(u) = 9*u**2 - 598*u - 330. Let b be d(67). Let p(k) = -1. Let g(w) = -w - 3. Let h(f) = -6*g(f) + 11*p(f). What is h(b)?
37
Let d(i) = -10*i**3 + 7*i**2 + 51*i - 42. Let o(l) = 7*l**3 - 7*l**2 - 34*l + 29. Let x(v) = 5*d(v) + 7*o(v). Determine x(-15).
-37
Let x(c) = -c**2 - c - 24. Let n(w) = 124*w - 992. Let m be n(8). What is x(m)?
-24
Let t(o) be the third derivative of -o**6/120 - o**5/15 - 2*o**3/3 + 20737*o**2. Let k = -10 + 6. Calculate t(k).
-4
Let a(i) = -11 + 58*i**2 + 13 - 59*i**2 - 8*i. Calculate a(-11).
-31
Let c(v) = -78*v - 13 - 16 - 5 - 12 + 44. Calculate c(1).
-80
Let q(a) = a**2 - 29*a + 148. Let o be 3/2*3 - (135/(-18))/5. Calculate q(o).
10
Let j(l) be the first derivative of l**4/12 + 41*l**2/2 - 139. Let x(q) be the second derivative of j(q). Let i = -2 + 4. Calculate x(i).
4
Let b(p) = 3*p**2 + 10*p + 1. Let y be (4613/(-14))/((-3)/(-6)). Let i = y + 655. Give b(i).
9
Let m(w) = w. Suppose 0 = 5*n - p + 7, -p = -4*n + 2*p + 1. Let g be (9 + -5 + -5)*(-2)/2. Let y(c) = 1. Let a(z) = g*m(z) + n*y(z). What is a(6)?
4
Suppose 10*j + 2 + 34 = 2*w, 2*j - 72 = -4*w. Let n(g) = -3*g**2 + 52*g + 10. What is n(w)?
